/((-34)/102)?
6
Let r = 7413 - 3628. What is the units digit of r?
5
Suppose n = 5*g - 595, -5*g - 4*n + 166 = -404. Let z = g + -96. What is the units digit of z?
2
Let p(y) = 2*y - 2. Let l = 30 - 23. Let t be p(l). What is the units digit of (-1)/((-10)/t)*40?
8
Let l = -1525 - -6620. What is the units digit of l?
5
What is the units digit of (-4)/(-18) + 579/54*8?
6
Suppose 0 = -4*z + 3 + 5. Let t(r) = -z*r + 0 + 5 + 3*r + 6. What is the units digit of t(-10)?
1
Suppose 446 = 5*r + 161. Let z = 59 + r. What is the tens digit of z?
1
What is the tens digit of 975*4/3 - 8?
9
Let u(h) = 41*h**2 - 6*h - 30. What is the tens digit of u(-5)?
2
Let i(p) = 3*p**2 + 32*p - 6. What is the tens digit of i(-21)?
4
Let n = 10 - 0. Let y(j) = 17*j - 20. Let x be y(n). Suppose 0 = -2*q - q + x. What is the tens digit of q?
5
Let y(v) = -121*v + 154. What is the tens digit of y(-16)?
9
Let t(u) = 84*u - 49. Let x be t(7). Suppose -3*j = -4*s + x, -6*j + 2*j + 373 = 3*s. What is the units digit of s?
1
Let x(d) = -d**2 - 11*d - 5. Let o be -1 - 3 - -2 - 0. Let v(q) = 4*q + 1. Let u be v(o). What is the units digit of x(u)?
3
Let v be 89 + 6 + 3*-1 + 0. Let q = v - -1. What is the units digit of q?
3
Suppose l - 5405 = -3*v, 2*v + 23*l - 3595 = 24*l. What is the thousands digit of v?
1
What is the hundreds digit of (-27)/6*16/24*-555?
6
Let g = -449 - -896. Let n = g - 242. What is the units digit of n?
5
Let y(a) = 8*a + 6. Let o be y(3). Suppose -o = -d - d. Suppose -m + d = -4. What is the tens digit of m?
1
Let l(k) = 36*k**2 + k - 2. Let a be l(1). Let d = 38 - a. What is the tens digit of 792/(-32)*(-8)/d?
6
Suppose -2*q = 4*g - 38, 9*q + 12 = 5*q. Suppose -g*y + 7*y = -12. What is the units digit of y?
3
Let q(c) = c**2 - 2*c - 17. Let u be q(5). What is the units digit of ((-1)/3 - (-1276)/(-24))*u?
7
Suppose c + 3 - 8 = 0. Let m(g) = 4*g + 5. Let r be m(5). Suppose -b + 3*p + r = c*p, -5*p = b - 31. What is the units digit of b?
1
Let t(w) = -4*w - 3. Let v be t(-2). Suppose 3*c + 387 = 3*q, q + v*c = -4*q + 685. What is the hundreds digit of q?
1
Let r(j) = 3*j**2 + 2*j + 1. Let y be r(3). Suppose 5*m + y = -5*l - 1, l + 11 = -5*m. Let v(s) = s**3 + 6*s**2 - s + 6. What is the units digit of v(l)?
2
Suppose -5*x = -2*t + 36, -5*t + 0*x - 4*x = -24. Suppose -6*g - 288 = -t*g. What is the tens digit of g?
4
Let g = -49 - -108. Suppose 3*h = g + 37. What is the units digit of h?
2
Suppose -h - l = -9 - 24, 114 = 4*h - 2*l. Let b = 0 - h. Let o = -2 - b. What is the units digit of o?
8
Suppose 0 = g + 3*g - 140. Suppose 3*u - g = 79. Suppose -3*n = -u - 37. What is the tens digit of n?
2
Suppose -7*a + 3*a = 2*v + 746, 0 = a - 3*v + 183. Let c = a - -331. What is the tens digit of c?
4
Suppose 5*k + a - 69 = -0*a, 4 = -4*a. Suppose 2*s - 4*u - k = 0, 5*s - 26 = 4*u + 9. What is the units digit of s?
7
Suppose 131*f - 77*f = 117450. What is the tens digit of f?
7
What is the hundreds digit of 11/((-198)/(-3768)) - (-8)/12?
2
Let s = 17 - 13. Suppose 4*y = -3*p + 8, p = -4*y + s*p + 8. Suppose 5*w - 63 - 22 = -y*x, w - 17 = x. What is the tens digit of w?
1
Suppose -2*g + 6*g - 1 = -3*w, g - 2*w = 14. Suppose -7 = g*u + 5. Let x = u - -34. What is the units digit of x?
1
Let o = 334 + -174. Suppose h + 5*n - 33 = -13, -5*h + 5*n = -o. What is the tens digit of h?
3
Let g = 22 - -1. Suppose z - 3*l = 5*z - 143, 0 = -z - 5*l + g. What is the tens digit of z?
3
Suppose 0 = -2*d - 2*l - 224, -2*l = -4*d - 273 - 157. Let i = 153 + d. What is the units digit of i?
4
Let d(r) = r**2 + 12*r + 9. Let n be d(-6). Let x = 86 + n. What is the tens digit of x?
5
What is the hundreds digit of (-3 + (-594)/6)*98/(-42)?
2
Let a = 455 - -27. What is the hundreds digit of a?
4
What is the units digit of 379/(14/2 - 6)?
9
Let z = 45 + -31. Suppose -z*q = -7*q - 1036. What is the hundreds digit of q?
1
What is the thousands digit of 416/(-72) + 6 + 200976/54?
3
Suppose -3718 = -262*j + 249*j. What is the tens digit of j?
8
Suppose 3*j - 2 = 2*d, 3*d = 2*d - 2*j + 6. Suppose 4*t + w - 669 + 108 = 0, d*w - 705 = -5*t. What is the units digit of t?
9
Suppose 0*x - 4*x - 404 = 0. Let o = x - -180. What is the units digit of o?
9
Suppose 4*y + 70 = 170. Suppose -y*s - 109 = -26*s. What is the hundreds digit of s?
1
Let q = 3148 + -2135. What is the hundreds digit of q?
0
Suppose 2*v + m - 70 = 0, 2*v + 3*v - 181 = -4*m. Suppose -2*g = -0*g - 6, -4*g + 4 = -4*o. Suppose -o*r + v = r. What is the units digit of r?
1
Suppose -20 = -3*s - 5. Let o(f) = f**3 - f**2 - 2*f + 3. What is the tens digit of o(s)?
9
Let j(d) = 3*d + 3. Let r be j(2). Suppose 5*s - 3*n = 1751, r*n - 690 = -2*s + 5*n. What is the units digit of s?
9
Let y(d) = -294*d - 338. What is the hundreds digit of y(-18)?
9
Let s(y) be the third derivative of y**5/60 + 5*y**4/12 + 8*y**3/3 + y**2. Suppose -8 - 3 = g. What is the units digit of s(g)?
7
Let g(m) = -m**2 - 73*m - 24. What is the hundreds digit of g(-25)?
1
Let g(x) = 202*x + 2. What is the units digit of g(1)?
4
Suppose 614 = 4*x - 1198. Let w be 3/(-6) + x/6. Suppose 0 = 2*c + c - w. What is the tens digit of c?
2
Suppose -73 = -3*p + 2*p + 4*n, 5*p - 2*n = 455. Let q = 70 + p. What is the tens digit of q?
6
Suppose -20*i + 485 = -15*i. What is the units digit of i?
7
Let o = 76 - 72. Suppose -o*w + 10 = -46. What is the tens digit of w?
1
What is the hundreds digit of ((-77808)/(-90))/4 + (-4)/30?
2
Suppose b + 876 = 5*l + 163, -l - 5*b + 153 = 0. What is the tens digit of l?
4
What is the hundreds digit of ((-55)/10 + 3)/(2/(-240))?
3
Let q be 20*(-4 - (-15)/2). Suppose -2*n + q = 5*h + 3*n, 9 = h + 2*n. What is the units digit of h?
9
Suppose -2*a + 58 = 5*q, 0 = -4*q + 3*a - 1 + 29. Let m be -3 + -2 + q + -3. Suppose -m*v = v - 111. What is the tens digit of v?
3
Suppose 5*k - 8*k + 378 = 0. Suppose 2*s = -3*d + k, 2*s - 7*d - 158 = -2*d. What is the tens digit of s?
6
Let g(d) be the first derivative of -d**4/4 + 5*d**3 - 25*d**2/2 + 7*d - 12. What is the units digit of g(13)?
0
Suppose -3*s - 20 = -5*j - 4*s, 0 = 3*s. Let y = 62 - j. What is the units digit of y?
8
Let r(o) = -o**3 - 8*o**2 + 4*o - 11. What is the units digit of r(-11)?
8
Let m be (1 - -3) + (1 - -28). What is the tens digit of ((-55)/m)/(2/(-102))?
8
Suppose h = 5*a - 4275, -1718 = 141*a - 143*a + 2*h. What is the tens digit of a?
5
Suppose 3*f + 1457 = 6431. What is the tens digit of f?
5
Suppose 19*o - 12883 = -3402. Suppose 3*l + 54 = 4*s - o, 4*s = -3*l + 535. What is the units digit of s?
6
Let w be 30/(-4)*48/60. Let v be 3/(-9) + 4/w. What is the tens digit of (-1)/v + (9 - 0)?
1
Let d = 83 + -73. Let w(u) = -u**2 + 19*u - 52. What is the units digit of w(d)?
8
Let k = 763 - 447. What is the units digit of k?
6
Suppose t + 2*t = 0, -4*b - 3*t = -1384. What is the hundreds digit of b?
3
Let o(v) = 3*v - 16. Let t be o(15). Let b = t - 16. What is the tens digit of b?
1
Let m(n) = -n**3 - 4*n**2 - 3*n - 4. Let f be m(-3). Let d(w) = w**3 + 5*w**2 + 3*w - 4. Let j be d(f). Suppose -l - 3*l + 64 = j. What is the tens digit of l?
1
Let t = -11 + 15. Let u(d) = 33*d**3 + d**2 + d. Let a be u(-1). What is the tens digit of t*(-4)/(48/a)?
1
What is the units digit of (-2)/10*-3 + (-1220324)/(-1435)?
1
Suppose 11*h = 5*h. Suppose h = -7*v + 343 + 105. What is the units digit of v?
4
Suppose 9 - 24 = -5*n. Let k(t) = -40 + 28 - 3*t**3 - 12*t**2 + 0*t**n + 2*t**3 - 14*t. What is the tens digit of k(-11)?
2
Let a = 21 + -2. Let j(d) = 2*d + 21. Let g be j(-13). Let i = a + g. What is the units digit of i?
4
Let x(o) = 31*o + 33. Let d(l) = -15*l - 17. Let n(j) = 5*d(j) + 2*x(j). Let b be n(-8). Suppose -h + b = 4*h. What is the units digit of h?
7
Let l(m) = m + 7. Let b be l(-5). Let j(g) = -3 - 24*g**2 + 27*g**2 + 1. What is the tens digit of j(b)?
1
Suppose -4*f + 454 = -534. Let c(a) = a**3 + 10*a**2 - 12*a - 6. Let z be c(-11). Suppose -z*q = 17 - f. What is the units digit of q?
6
Let c be (-28)/(-98) + (-52)/(-14). Suppose -4*a - c = 16, 751 = j + 5*a. What is the tens digit of 8/(-12) - j/(-12)?
6
Let i(x) = -x**3 - 9*x**2 - 9*x + 2. Let o be i(-8). Let m be (-5)/o + 13/2. Suppose 4*j - m = -2*p, 4*p - 5*j - 77 = -13. What is the tens digit of p?
1
Suppose -3*s - 3*b + 480